{"id":9120,"date":"2023-11-04T11:27:35","date_gmt":"2023-11-04T09:27:35","guid":{"rendered":"https:\/\/teuli.net\/?page_id=9120"},"modified":"2023-11-04T12:13:46","modified_gmt":"2023-11-04T10:13:46","slug":"maria-kubarsepp","status":"publish","type":"page","link":"https:\/\/teuli.net\/?page_id=9120","title":{"rendered":"Maria K\u00fcbarsepp"},"content":{"rendered":"\n<p>S\u00fcnd: 21.12.1909<br \/>Surm: 10.03.2005 Rakvere<br \/>Isa: <a href=\"https:\/\/teuli.net\/?page_id=9132\" data-type=\"link\" data-id=\"https:\/\/teuli.net\/?page_id=9132\">Jaagup K\u00fcbarsepp<\/a><br \/>Ema: <a href=\"https:\/\/teuli.net\/?page_id=9129\" data-type=\"link\" data-id=\"https:\/\/teuli.net\/?page_id=9129\">Ann K\u00fcbarsepp<\/a><\/p>\n\n\n\n<p><br \/>07.06.1931 abiellus <a href=\"https:\/\/teuli.net\/?page_id=9117\" data-type=\"link\" data-id=\"https:\/\/teuli.net\/?page_id=9117\">Julius Theodor Lepikuga<\/a><br \/>02.07.1932 s\u00fcndis t\u00fctar Aino Leppik<br \/>21.08.1934 suri abikaasa <a href=\"https:\/\/teuli.net\/?page_id=9117\" data-type=\"link\" data-id=\"https:\/\/teuli.net\/?page_id=9117\">Julius Theodor Leppik<\/a><br \/>elukaaslane Edgar \u00d5iglane<br \/>17.10.1941 t\u00fctre Maie \u00d5iglase s\u00fcnd<br \/>21.01.1956 t\u00fctre Aino Leppiku abielu Jaan Teuliga<br \/>Abielu Jaan Lehovaga<\/p>\n","protected":false},"excerpt":{"rendered":"<p>S\u00fcnd: 21.12.1909Surm: 10.03.2005 RakvereIsa: Jaagup K\u00fcbarseppEma: Ann K\u00fcbarsepp 07.06.1931 abiellus Julius Theodor Lepikuga02.07.1932 s\u00fcndis t\u00fctar Aino Leppik21.08.1934 suri abikaasa Julius Theodor Leppikelukaaslane Edgar \u00d5iglane17.10.1941 t\u00fctre Maie \u00d5iglase s\u00fcnd21.01.1956 t\u00fctre Aino Leppiku abielu Jaan TeuligaAbielu Jaan Lehovaga<\/p>\n","protected":false},"author":1,"featured_media":0,"parent":0,"menu_order":0,"comment_status":"closed","ping_status":"closed","template":"","meta":{"ngg_post_thumbnail":0,"footnotes":""},"class_list":["post-9120","page","type-page","status-publish","hentry"],"_links":{"self":[{"href":"https:\/\/teuli.net\/index.php?rest_route=\/wp\/v2\/pages\/9120","targetHints":{"allow":["GET"]}}],"collection":[{"href":"https:\/\/teuli.net\/index.php?rest_route=\/wp\/v2\/pages"}],"about":[{"href":"https:\/\/teuli.net\/index.php?rest_route=\/wp\/v2\/types\/page"}],"author":[{"embeddable":true,"href":"https:\/\/teuli.net\/index.php?rest_route=\/wp\/v2\/users\/1"}],"replies":[{"embeddable":true,"href":"https:\/\/teuli.net\/index.php?rest_route=%2Fwp%2Fv2%2Fcomments&post=9120"}],"version-history":[{"count":4,"href":"https:\/\/teuli.net\/index.php?rest_route=\/wp\/v2\/pages\/9120\/revisions"}],"predecessor-version":[{"id":9161,"href":"https:\/\/teuli.net\/index.php?rest_route=\/wp\/v2\/pages\/9120\/revisions\/9161"}],"wp:attachment":[{"href":"https:\/\/teuli.net\/index.php?rest_route=%2Fwp%2Fv2%2Fmedia&parent=9120"}],"curies":[{"name":"wp","href":"https:\/\/api.w.org\/{rel}","templated":true}]}}