{"id":9140,"date":"2023-11-04T11:41:06","date_gmt":"2023-11-04T09:41:06","guid":{"rendered":"https:\/\/teuli.net\/?page_id=9140"},"modified":"2023-11-04T11:49:10","modified_gmt":"2023-11-04T09:49:10","slug":"august-kubarsepp","status":"publish","type":"page","link":"https:\/\/teuli.net\/?page_id=9140","title":{"rendered":"August K\u00fcbarsepp"},"content":{"rendered":"\n<p>Isa: <a href=\"https:\/\/teuli.net\/?page_id=9132\" data-type=\"link\" data-id=\"https:\/\/teuli.net\/?page_id=9132\">Jaagup K\u00fcbarsepp<\/a><br \/>Ema: <a href=\"https:\/\/teuli.net\/?page_id=9129\" data-type=\"link\" data-id=\"https:\/\/teuli.net\/?page_id=9129\">Ann K\u00fcbarsepp<\/a><\/p>\n\n\n\n<p>Vend: <a href=\"https:\/\/teuli.net\/?page_id=9135\" data-type=\"link\" data-id=\"https:\/\/teuli.net\/?page_id=9135\">Juhan K\u00fcbarsepp<\/a><br \/>Vend: <a href=\"https:\/\/teuli.net\/?page_id=9137\" data-type=\"link\" data-id=\"https:\/\/teuli.net\/?page_id=9137\">Aleksei K\u00fcbarsepp<\/a><br \/>\u00d5de: <a href=\"https:\/\/teuli.net\/?page_id=9120\" data-type=\"link\" data-id=\"https:\/\/teuli.net\/?page_id=9120\">Maria K\u00fcbarsepp<\/a><\/p>\n","protected":false},"excerpt":{"rendered":"<p>Isa: Jaagup K\u00fcbarseppEma: Ann K\u00fcbarsepp Vend: Juhan K\u00fcbarseppVend: Aleksei K\u00fcbarsepp\u00d5de: Maria K\u00fcbarsepp<\/p>\n","protected":false},"author":1,"featured_media":0,"parent":0,"menu_order":0,"comment_status":"closed","ping_status":"closed","template":"","meta":{"ngg_post_thumbnail":0,"footnotes":""},"class_list":["post-9140","page","type-page","status-publish","hentry"],"_links":{"self":[{"href":"https:\/\/teuli.net\/index.php?rest_route=\/wp\/v2\/pages\/9140","targetHints":{"allow":["GET"]}}],"collection":[{"href":"https:\/\/teuli.net\/index.php?rest_route=\/wp\/v2\/pages"}],"about":[{"href":"https:\/\/teuli.net\/index.php?rest_route=\/wp\/v2\/types\/page"}],"author":[{"embeddable":true,"href":"https:\/\/teuli.net\/index.php?rest_route=\/wp\/v2\/users\/1"}],"replies":[{"embeddable":true,"href":"https:\/\/teuli.net\/index.php?rest_route=%2Fwp%2Fv2%2Fcomments&post=9140"}],"version-history":[{"count":3,"href":"https:\/\/teuli.net\/index.php?rest_route=\/wp\/v2\/pages\/9140\/revisions"}],"predecessor-version":[{"id":9146,"href":"https:\/\/teuli.net\/index.php?rest_route=\/wp\/v2\/pages\/9140\/revisions\/9146"}],"wp:attachment":[{"href":"https:\/\/teuli.net\/index.php?rest_route=%2Fwp%2Fv2%2Fmedia&parent=9140"}],"curies":[{"name":"wp","href":"https:\/\/api.w.org\/{rel}","templated":true}]}}