{"id":9206,"date":"2023-11-04T13:07:07","date_gmt":"2023-11-04T11:07:07","guid":{"rendered":"https:\/\/teuli.net\/?page_id=9206"},"modified":"2023-11-04T13:11:20","modified_gmt":"2023-11-04T11:11:20","slug":"jaan-teuli","status":"publish","type":"page","link":"https:\/\/teuli.net\/?page_id=9206","title":{"rendered":"Jaan Teuli"},"content":{"rendered":"\n<p>S\u00fcnd: 02.12.1930 Karjala, Soome<br \/>Surm: 04.05.1988 L\u00e4\u00e4ne-Virumaa p\u00f5hjus kasvaja<br \/>Maetud: <a href=\"https:\/\/www.kalmistud.ee\/haudi?action=kaart&amp;kalmistu=75&amp;o=335551\" data-type=\"link\" data-id=\"https:\/\/www.kalmistud.ee\/haudi?action=kaart&amp;kalmistu=75&amp;o=335551\">T\u00f5rma kalmistu, T\u00f5rma, 4. kvartal, 4.1-27, 5-kohaline kirstuplats<\/a><br \/>Isa: <a href=\"https:\/\/teuli.net\/?page_id=9210\" data-type=\"link\" data-id=\"https:\/\/teuli.net\/?page_id=9210\">Aadam Teuli<\/a><br \/>Ema: <a href=\"https:\/\/teuli.net\/?page_id=9212\" data-type=\"link\" data-id=\"https:\/\/teuli.net\/?page_id=9212\">Anna Teuli<\/a><\/p>\n\n\n\n<p>25.01.1953 poja <a href=\"https:\/\/teuli.net\/?page_id=9067\" data-type=\"link\" data-id=\"https:\/\/teuli.net\/?page_id=9067\">Aarne Teuli<\/a> s\u00fcnd<br \/>21.01.1956 abiellus <a href=\"https:\/\/teuli.net\/?page_id=9162\" data-type=\"link\" data-id=\"https:\/\/teuli.net\/?page_id=9162\">Aino Leppikuga<\/a><br \/>16.02.1957 t\u00fctre Anne Teuli s\u00fcnd<br \/>1977 t\u00fctar Anne Teuli abiellus Toomas Silmaga<br \/>07.05.1977 abiellus poeg <a href=\"https:\/\/teuli.net\/?page_id=9067\" data-type=\"link\" data-id=\"https:\/\/teuli.net\/?page_id=9067\">Aarne Teuli<\/a> Imbi Nurmega<br \/><\/p>\n","protected":false},"excerpt":{"rendered":"<p>S\u00fcnd: 02.12.1930 Karjala, SoomeSurm: 04.05.1988 L\u00e4\u00e4ne-Virumaa p\u00f5hjus kasvajaMaetud: T\u00f5rma kalmistu, T\u00f5rma, 4. kvartal, 4.1-27, 5-kohaline kirstuplatsIsa: Aadam TeuliEma: Anna Teuli 25.01.1953 poja Aarne Teuli s\u00fcnd21.01.1956 abiellus Aino Leppikuga16.02.1957 t\u00fctre Anne Teuli s\u00fcnd1977 t\u00fctar Anne Teuli abiellus Toomas Silmaga07.05.1977 abiellus poeg Aarne Teuli Imbi Nurmega<\/p>\n","protected":false},"author":1,"featured_media":0,"parent":0,"menu_order":0,"comment_status":"closed","ping_status":"closed","template":"","meta":{"ngg_post_thumbnail":0,"footnotes":""},"class_list":["post-9206","page","type-page","status-publish","hentry"],"_links":{"self":[{"href":"https:\/\/teuli.net\/index.php?rest_route=\/wp\/v2\/pages\/9206","targetHints":{"allow":["GET"]}}],"collection":[{"href":"https:\/\/teuli.net\/index.php?rest_route=\/wp\/v2\/pages"}],"about":[{"href":"https:\/\/teuli.net\/index.php?rest_route=\/wp\/v2\/types\/page"}],"author":[{"embeddable":true,"href":"https:\/\/teuli.net\/index.php?rest_route=\/wp\/v2\/users\/1"}],"replies":[{"embeddable":true,"href":"https:\/\/teuli.net\/index.php?rest_route=%2Fwp%2Fv2%2Fcomments&post=9206"}],"version-history":[{"count":4,"href":"https:\/\/teuli.net\/index.php?rest_route=\/wp\/v2\/pages\/9206\/revisions"}],"predecessor-version":[{"id":9216,"href":"https:\/\/teuli.net\/index.php?rest_route=\/wp\/v2\/pages\/9206\/revisions\/9216"}],"wp:attachment":[{"href":"https:\/\/teuli.net\/index.php?rest_route=%2Fwp%2Fv2%2Fmedia&parent=9206"}],"curies":[{"name":"wp","href":"https:\/\/api.w.org\/{rel}","templated":true}]}}