{"id":9219,"date":"2023-11-04T13:20:44","date_gmt":"2023-11-04T11:20:44","guid":{"rendered":"https:\/\/teuli.net\/?page_id=9219"},"modified":"2023-11-04T13:20:44","modified_gmt":"2023-11-04T11:20:44","slug":"anna-teuli-2","status":"publish","type":"page","link":"https:\/\/teuli.net\/?page_id=9219","title":{"rendered":"Anna Teuli"},"content":{"rendered":"\n<p>S\u00fcnd: 01.04.1901<br \/>Surm: 15.01.1966<\/p>\n\n\n\n<p>Abiellus <a href=\"https:\/\/teuli.net\/?page_id=9210\" data-type=\"link\" data-id=\"https:\/\/teuli.net\/?page_id=9210\">Aadam Teuliga<\/a><br \/>S\u00fcndis poeg Aleksander Teuli<br \/>02.12.1930 s\u00fcndis poeg Jaan Teuli (t\u00f5en\u00e4oliselt oli ta nimi Ivan ning hiljem muutis nime Jaaniks)<br \/>01.01.1934 s\u00fcndis poeg Pjotor Teuli (maetud nimega Peeter Teuli)<br \/>21.01.1956 abiellus poeg Jaan Teuli Aino Leppikuga<br \/>17.05.1960 suri abikaasa <a href=\"https:\/\/teuli.net\/?page_id=9210\" data-type=\"link\" data-id=\"https:\/\/teuli.net\/?page_id=9210\">Aadam Teuli<\/a><\/p>\n","protected":false},"excerpt":{"rendered":"<p>S\u00fcnd: 01.04.1901Surm: 15.01.1966 Abiellus Aadam TeuligaS\u00fcndis poeg Aleksander Teuli02.12.1930 s\u00fcndis poeg Jaan Teuli (t\u00f5en\u00e4oliselt oli ta nimi Ivan ning hiljem muutis nime Jaaniks)01.01.1934 s\u00fcndis poeg Pjotor Teuli (maetud nimega Peeter Teuli)21.01.1956 abiellus poeg Jaan Teuli Aino Leppikuga17.05.1960 suri abikaasa Aadam Teuli<\/p>\n","protected":false},"author":1,"featured_media":0,"parent":0,"menu_order":0,"comment_status":"closed","ping_status":"closed","template":"","meta":{"ngg_post_thumbnail":0,"footnotes":""},"class_list":["post-9219","page","type-page","status-publish","hentry"],"_links":{"self":[{"href":"https:\/\/teuli.net\/index.php?rest_route=\/wp\/v2\/pages\/9219","targetHints":{"allow":["GET"]}}],"collection":[{"href":"https:\/\/teuli.net\/index.php?rest_route=\/wp\/v2\/pages"}],"about":[{"href":"https:\/\/teuli.net\/index.php?rest_route=\/wp\/v2\/types\/page"}],"author":[{"embeddable":true,"href":"https:\/\/teuli.net\/index.php?rest_route=\/wp\/v2\/users\/1"}],"replies":[{"embeddable":true,"href":"https:\/\/teuli.net\/index.php?rest_route=%2Fwp%2Fv2%2Fcomments&post=9219"}],"version-history":[{"count":1,"href":"https:\/\/teuli.net\/index.php?rest_route=\/wp\/v2\/pages\/9219\/revisions"}],"predecessor-version":[{"id":9220,"href":"https:\/\/teuli.net\/index.php?rest_route=\/wp\/v2\/pages\/9219\/revisions\/9220"}],"wp:attachment":[{"href":"https:\/\/teuli.net\/index.php?rest_route=%2Fwp%2Fv2%2Fmedia&parent=9219"}],"curies":[{"name":"wp","href":"https:\/\/api.w.org\/{rel}","templated":true}]}}