{"id":9237,"date":"2023-11-04T13:40:59","date_gmt":"2023-11-04T11:40:59","guid":{"rendered":"https:\/\/teuli.net\/?page_id=9237"},"modified":"2023-11-04T13:47:14","modified_gmt":"2023-11-04T11:47:14","slug":"karl-nurme","status":"publish","type":"page","link":"https:\/\/teuli.net\/?page_id=9237","title":{"rendered":"Karl Nurme"},"content":{"rendered":"\n<p>S\u00fcnd: 17.06.1918<br \/>Surm: 10.02.1989<\/p>\n\n\n\n<p>Abiellus <a href=\"https:\/\/teuli.net\/?page_id=9241\" data-type=\"link\" data-id=\"https:\/\/teuli.net\/?page_id=9241\">Salma Kebaga<\/a><br \/>17.09.1947 s\u00fcndis poeg Illar Keba P\u00f5lulas R\u00e4gavere vallas<br \/>03.02.1954 s\u00fcndis t\u00fcrar <a href=\"https:\/\/teuli.net\/?page_id=9238\" data-type=\"link\" data-id=\"https:\/\/teuli.net\/?page_id=9238\">Imbi Nurme<\/a><br \/>05.02.1956 s\u00fcndis t\u00fctar Ille Nurme P\u00f5lulas R\u00e4gavere vallas<br \/>28.10.1961 s\u00fcndis t\u00fctar Ivike Nurme L\u00e4\u00e4ne-Virumaal<br \/>07.05.1977 t\u00fctre <a href=\"https:\/\/teuli.net\/?page_id=9238\" data-type=\"link\" data-id=\"https:\/\/teuli.net\/?page_id=9238\">Imbi Nurme<\/a> abielu Aarne Teuliga<br \/><\/p>\n","protected":false},"excerpt":{"rendered":"<p>S\u00fcnd: 17.06.1918Surm: 10.02.1989 Abiellus Salma Kebaga17.09.1947 s\u00fcndis poeg Illar Keba P\u00f5lulas R\u00e4gavere vallas03.02.1954 s\u00fcndis t\u00fcrar Imbi Nurme05.02.1956 s\u00fcndis t\u00fctar Ille Nurme P\u00f5lulas R\u00e4gavere vallas28.10.1961 s\u00fcndis t\u00fctar Ivike Nurme L\u00e4\u00e4ne-Virumaal07.05.1977 t\u00fctre Imbi Nurme abielu Aarne Teuliga<\/p>\n","protected":false},"author":1,"featured_media":0,"parent":0,"menu_order":0,"comment_status":"closed","ping_status":"closed","template":"","meta":{"ngg_post_thumbnail":0,"footnotes":""},"class_list":["post-9237","page","type-page","status-publish","hentry"],"_links":{"self":[{"href":"https:\/\/teuli.net\/index.php?rest_route=\/wp\/v2\/pages\/9237","targetHints":{"allow":["GET"]}}],"collection":[{"href":"https:\/\/teuli.net\/index.php?rest_route=\/wp\/v2\/pages"}],"about":[{"href":"https:\/\/teuli.net\/index.php?rest_route=\/wp\/v2\/types\/page"}],"author":[{"embeddable":true,"href":"https:\/\/teuli.net\/index.php?rest_route=\/wp\/v2\/users\/1"}],"replies":[{"embeddable":true,"href":"https:\/\/teuli.net\/index.php?rest_route=%2Fwp%2Fv2%2Fcomments&post=9237"}],"version-history":[{"count":3,"href":"https:\/\/teuli.net\/index.php?rest_route=\/wp\/v2\/pages\/9237\/revisions"}],"predecessor-version":[{"id":9246,"href":"https:\/\/teuli.net\/index.php?rest_route=\/wp\/v2\/pages\/9237\/revisions\/9246"}],"wp:attachment":[{"href":"https:\/\/teuli.net\/index.php?rest_route=%2Fwp%2Fv2%2Fmedia&parent=9237"}],"curies":[{"name":"wp","href":"https:\/\/api.w.org\/{rel}","templated":true}]}}