{"id":9396,"date":"2023-11-04T16:13:43","date_gmt":"2023-11-04T14:13:43","guid":{"rendered":"https:\/\/teuli.net\/?page_id=9396"},"modified":"2026-04-07T17:43:33","modified_gmt":"2026-04-07T14:43:33","slug":"marie-miir","status":"publish","type":"page","link":"https:\/\/teuli.net\/?page_id=9396","title":{"rendered":"Marie Miir"},"content":{"rendered":"\n<p>S\u00fcnd: 08.12.1886<br \/>Surm: 12.10.1949 (62) Rakveres tuberkuloosi<\/p>\n\n\n\n<p>Isa: <a href=\"https:\/\/teuli.net\/?page_id=9362\" data-type=\"link\" data-id=\"https:\/\/teuli.net\/?page_id=9362\">Karl Murelik<\/a><br \/>Ema: <a href=\"https:\/\/teuli.net\/?page_id=9364\" data-type=\"link\" data-id=\"https:\/\/teuli.net\/?page_id=9364\">Mari Murelik<\/a><\/p>\n\n\n\n<p>Vend: <a href=\"https:\/\/teuli.net\/?page_id=9369\" data-type=\"link\" data-id=\"https:\/\/teuli.net\/?page_id=9369\">Leopold Murelik<\/a><\/p>\n\n\n\n<figure class=\"wp-block-image size-full is-resized\"><img loading=\"lazy\" decoding=\"async\" width=\"324\" height=\"540\" src=\"https:\/\/teuli.net\/wp-content\/uploads\/2023\/11\/B2B24E84-B260-4C21-B41B-D33DD1F85840.jpg\" alt=\"\" class=\"wp-image-9615\" style=\"aspect-ratio:0.6;width:673px;height:auto\" srcset=\"https:\/\/teuli.net\/wp-content\/uploads\/2023\/11\/B2B24E84-B260-4C21-B41B-D33DD1F85840.jpg 324w, https:\/\/teuli.net\/wp-content\/uploads\/2023\/11\/B2B24E84-B260-4C21-B41B-D33DD1F85840-180x300.jpg 180w, https:\/\/teuli.net\/wp-content\/uploads\/2023\/11\/B2B24E84-B260-4C21-B41B-D33DD1F85840-90x150.jpg 90w\" sizes=\"auto, (max-width: 324px) 100vw, 324px\" \/><figcaption class=\"wp-element-caption\">V\u00e4idetaval on keskel seisev naisterahvas Marie Miir. Kedagi kes teda n\u00e4inud oleks, elavate kirjas ei ole ning kinnitust pole v\u00f5imalik sellele saada. Pilt on tehtud oletatavasti aastal 1915<\/figcaption><\/figure>\n\n\n\n<p>Abiellus Aleksander Miiriga<br \/>17.06.1918 s\u00fcndis poeg <a href=\"https:\/\/teuli.net\/?page_id=9429\" data-type=\"link\" data-id=\"https:\/\/teuli.net\/?page_id=9429\">Harald Miir<\/a><br \/>16.02.1923 s\u00fcndis poeg <a href=\"https:\/\/teuli.net\/?page_id=9405\" data-type=\"link\" data-id=\"https:\/\/teuli.net\/?page_id=9405\">Adolf Miir<\/a><br \/>11.03.1923 suri poeg <a href=\"https:\/\/teuli.net\/?page_id=9405\" data-type=\"link\" data-id=\"https:\/\/teuli.net\/?page_id=9405\">Adolf Miir<\/a><br \/>20.03.1924 s\u00fcndis poeg <a href=\"https:\/\/teuli.net\/?page_id=9425\" data-type=\"link\" data-id=\"https:\/\/teuli.net\/?page_id=9425\">Arnold Miir<\/a><br \/>25.03.1926 s\u00fcndis t\u00fctar <a href=\"https:\/\/teuli.net\/?page_id=9398\" data-type=\"link\" data-id=\"https:\/\/teuli.net\/?page_id=9398\">Miranda Miir<\/a><br \/>1928 suri abikaasa <a href=\"https:\/\/teuli.net\/?page_id=9392\" data-type=\"link\" data-id=\"https:\/\/teuli.net\/?page_id=9392\">Aleksander Miir<\/a><\/p>\n\n\n\n<p><\/p>\n\n\n\n<figure class=\"wp-block-image size-full\"><img loading=\"lazy\" decoding=\"async\" width=\"1105\" height=\"749\" src=\"https:\/\/teuli.net\/wp-content\/uploads\/2026\/04\/Kuvatommis-2026-04-07-015900.jpg\" alt=\"\" class=\"wp-image-10179\" srcset=\"https:\/\/teuli.net\/wp-content\/uploads\/2026\/04\/Kuvatommis-2026-04-07-015900.jpg 1105w, https:\/\/teuli.net\/wp-content\/uploads\/2026\/04\/Kuvatommis-2026-04-07-015900-300x203.jpg 300w, https:\/\/teuli.net\/wp-content\/uploads\/2026\/04\/Kuvatommis-2026-04-07-015900-150x102.jpg 150w, https:\/\/teuli.net\/wp-content\/uploads\/2026\/04\/Kuvatommis-2026-04-07-015900-768x521.jpg 768w\" sizes=\"auto, (max-width: 767px) 89vw, (max-width: 1000px) 54vw, (max-width: 1071px) 543px, 580px\" \/><\/figure>\n\n\n\n<p><a href=\"https:\/\/teuli.net\/wp-content\/uploads\/2026\/04\/19280621_1.pdf\">Kaja, nr. 141, 21 juuni 1928<\/a><\/p>\n\n\n\n<p><\/p>\n","protected":false},"excerpt":{"rendered":"<p>S\u00fcnd: 08.12.1886Surm: 12.10.1949 (62) Rakveres tuberkuloosi Isa: Karl MurelikEma: Mari Murelik Vend: Leopold Murelik Abiellus Aleksander Miiriga17.06.1918 s\u00fcndis poeg Harald Miir16.02.1923 s\u00fcndis poeg Adolf Miir11.03.1923 suri poeg Adolf Miir20.03.1924 s\u00fcndis poeg Arnold Miir25.03.1926 s\u00fcndis t\u00fctar Miranda Miir1928 suri abikaasa Aleksander Miir Kaja, nr. 141, 21 juuni 1928<\/p>\n","protected":false},"author":1,"featured_media":0,"parent":0,"menu_order":0,"comment_status":"closed","ping_status":"closed","template":"","meta":{"ngg_post_thumbnail":0,"footnotes":""},"class_list":["post-9396","page","type-page","status-publish","hentry"],"_links":{"self":[{"href":"https:\/\/teuli.net\/index.php?rest_route=\/wp\/v2\/pages\/9396","targetHints":{"allow":["GET"]}}],"collection":[{"href":"https:\/\/teuli.net\/index.php?rest_route=\/wp\/v2\/pages"}],"about":[{"href":"https:\/\/teuli.net\/index.php?rest_route=\/wp\/v2\/types\/page"}],"author":[{"embeddable":true,"href":"https:\/\/teuli.net\/index.php?rest_route=\/wp\/v2\/users\/1"}],"replies":[{"embeddable":true,"href":"https:\/\/teuli.net\/index.php?rest_route=%2Fwp%2Fv2%2Fcomments&post=9396"}],"version-history":[{"count":7,"href":"https:\/\/teuli.net\/index.php?rest_route=\/wp\/v2\/pages\/9396\/revisions"}],"predecessor-version":[{"id":10184,"href":"https:\/\/teuli.net\/index.php?rest_route=\/wp\/v2\/pages\/9396\/revisions\/10184"}],"wp:attachment":[{"href":"https:\/\/teuli.net\/index.php?rest_route=%2Fwp%2Fv2%2Fmedia&parent=9396"}],"curies":[{"name":"wp","href":"https:\/\/api.w.org\/{rel}","templated":true}]}}