{"id":9710,"date":"2023-11-08T08:59:03","date_gmt":"2023-11-08T06:59:03","guid":{"rendered":"https:\/\/teuli.net\/?page_id=9710"},"modified":"2023-11-08T10:21:02","modified_gmt":"2023-11-08T08:21:02","slug":"madle-sakjas","status":"publish","type":"page","link":"https:\/\/teuli.net\/?page_id=9710","title":{"rendered":"Madle Sakjas"},"content":{"rendered":"\n<p>S\u00fcnd: 1841<br \/>Surm: teadmata<\/p>\n\n\n\n<p>Isa: <a href=\"https:\/\/teuli.net\/?page_id=9699\" data-type=\"link\" data-id=\"https:\/\/teuli.net\/?page_id=9699\">Hans Sakjas<\/a><br \/>Ema: <a href=\"https:\/\/teuli.net\/?page_id=9702\" data-type=\"link\" data-id=\"https:\/\/teuli.net\/?page_id=9702\">Kr\u00f5\u00f5t Sakjas<\/a><\/p>\n\n\n\n<p>Vend: <a href=\"https:\/\/teuli.net\/?page_id=9712\" data-type=\"link\" data-id=\"https:\/\/teuli.net\/?page_id=9712\">Jaan Sakjas<\/a><br \/>Vend: <a href=\"https:\/\/teuli.net\/?page_id=9705\" data-type=\"link\" data-id=\"https:\/\/teuli.net\/?page_id=9705\">Hans Sakjas<\/a><br \/>\u00d5de: <a href=\"https:\/\/teuli.net\/?page_id=9697\" data-type=\"link\" data-id=\"https:\/\/teuli.net\/?page_id=9697\">Ann Sakjas<\/a><br \/>Vend: <a href=\"https:\/\/teuli.net\/?page_id=9692\" data-type=\"link\" data-id=\"https:\/\/teuli.net\/?page_id=9692\">Mart Sakjas<\/a><\/p>\n","protected":false},"excerpt":{"rendered":"<p>S\u00fcnd: 1841Surm: teadmata Isa: Hans SakjasEma: Kr\u00f5\u00f5t Sakjas Vend: Jaan SakjasVend: Hans Sakjas\u00d5de: Ann SakjasVend: Mart Sakjas<\/p>\n","protected":false},"author":1,"featured_media":0,"parent":0,"menu_order":0,"comment_status":"closed","ping_status":"closed","template":"","meta":{"ngg_post_thumbnail":0,"footnotes":""},"class_list":["post-9710","page","type-page","status-publish","hentry"],"_links":{"self":[{"href":"https:\/\/teuli.net\/index.php?rest_route=\/wp\/v2\/pages\/9710","targetHints":{"allow":["GET"]}}],"collection":[{"href":"https:\/\/teuli.net\/index.php?rest_route=\/wp\/v2\/pages"}],"about":[{"href":"https:\/\/teuli.net\/index.php?rest_route=\/wp\/v2\/types\/page"}],"author":[{"embeddable":true,"href":"https:\/\/teuli.net\/index.php?rest_route=\/wp\/v2\/users\/1"}],"replies":[{"embeddable":true,"href":"https:\/\/teuli.net\/index.php?rest_route=%2Fwp%2Fv2%2Fcomments&post=9710"}],"version-history":[{"count":2,"href":"https:\/\/teuli.net\/index.php?rest_route=\/wp\/v2\/pages\/9710\/revisions"}],"predecessor-version":[{"id":9818,"href":"https:\/\/teuli.net\/index.php?rest_route=\/wp\/v2\/pages\/9710\/revisions\/9818"}],"wp:attachment":[{"href":"https:\/\/teuli.net\/index.php?rest_route=%2Fwp%2Fv2%2Fmedia&parent=9710"}],"curies":[{"name":"wp","href":"https:\/\/api.w.org\/{rel}","templated":true}]}}