{"id":9724,"date":"2023-11-08T09:02:10","date_gmt":"2023-11-08T07:02:10","guid":{"rendered":"https:\/\/teuli.net\/?page_id=9724"},"modified":"2023-11-08T09:49:44","modified_gmt":"2023-11-08T07:49:44","slug":"helene-sakjas","status":"publish","type":"page","link":"https:\/\/teuli.net\/?page_id=9724","title":{"rendered":"Helene Sakjas"},"content":{"rendered":"\n<p>Hans ja marri<\/p>\n\n\n\n<p>\u00d5de: <a href=\"https:\/\/teuli.net\/?page_id=9714\" data-type=\"link\" data-id=\"https:\/\/teuli.net\/?page_id=9714\">Anna-Maria Sakjas<\/a><br \/>Vend: <a href=\"https:\/\/teuli.net\/?page_id=9712\" data-type=\"link\" data-id=\"https:\/\/teuli.net\/?page_id=9712\">Jaan Sakjas<\/a><br \/>\u00d5de: <a href=\"https:\/\/teuli.net\/?page_id=9718\" data-type=\"link\" data-id=\"https:\/\/teuli.net\/?page_id=9718\">Anna-Maria Sakjas<\/a><br \/>Vend: <a href=\"https:\/\/teuli.net\/?page_id=9720\" data-type=\"link\" data-id=\"https:\/\/teuli.net\/?page_id=9720\">Johannes Sakjas<\/a><br \/>\u00d5de: <a href=\"https:\/\/teuli.net\/?page_id=9722\" data-type=\"link\" data-id=\"https:\/\/teuli.net\/?page_id=9722\">Aleksander Sakjas<\/a><br \/>\u00d5de: <a href=\"https:\/\/teuli.net\/?page_id=9726\" data-type=\"link\" data-id=\"https:\/\/teuli.net\/?page_id=9726\">Lowise Sakjas<\/a><br \/>Vend: <a href=\"https:\/\/teuli.net\/?page_id=9728\" data-type=\"link\" data-id=\"https:\/\/teuli.net\/?page_id=9728\">Aleksander Sakjas<\/a><br \/>\u00d5de: <a href=\"https:\/\/teuli.net\/?page_id=9730\" data-type=\"link\" data-id=\"https:\/\/teuli.net\/?page_id=9730\">Juli-Aliide Sakjas<\/a><br \/>Vend: <a href=\"https:\/\/teuli.net\/?page_id=9732\" data-type=\"link\" data-id=\"https:\/\/teuli.net\/?page_id=9732\">Anton Sakjas<\/a><br \/>\u00d5de: <a href=\"https:\/\/teuli.net\/?page_id=9734\" data-type=\"link\" data-id=\"https:\/\/teuli.net\/?page_id=9734\">August Sakjas<\/a><\/p>\n","protected":false},"excerpt":{"rendered":"<p>Hans ja marri \u00d5de: Anna-Maria SakjasVend: Jaan Sakjas\u00d5de: Anna-Maria SakjasVend: Johannes Sakjas\u00d5de: Aleksander Sakjas\u00d5de: Lowise SakjasVend: Aleksander Sakjas\u00d5de: Juli-Aliide SakjasVend: Anton Sakjas\u00d5de: August Sakjas<\/p>\n","protected":false},"author":1,"featured_media":0,"parent":0,"menu_order":0,"comment_status":"closed","ping_status":"closed","template":"","meta":{"ngg_post_thumbnail":0,"footnotes":""},"class_list":["post-9724","page","type-page","status-publish","hentry"],"_links":{"self":[{"href":"https:\/\/teuli.net\/index.php?rest_route=\/wp\/v2\/pages\/9724","targetHints":{"allow":["GET"]}}],"collection":[{"href":"https:\/\/teuli.net\/index.php?rest_route=\/wp\/v2\/pages"}],"about":[{"href":"https:\/\/teuli.net\/index.php?rest_route=\/wp\/v2\/types\/page"}],"author":[{"embeddable":true,"href":"https:\/\/teuli.net\/index.php?rest_route=\/wp\/v2\/users\/1"}],"replies":[{"embeddable":true,"href":"https:\/\/teuli.net\/index.php?rest_route=%2Fwp%2Fv2%2Fcomments&post=9724"}],"version-history":[{"count":3,"href":"https:\/\/teuli.net\/index.php?rest_route=\/wp\/v2\/pages\/9724\/revisions"}],"predecessor-version":[{"id":9789,"href":"https:\/\/teuli.net\/index.php?rest_route=\/wp\/v2\/pages\/9724\/revisions\/9789"}],"wp:attachment":[{"href":"https:\/\/teuli.net\/index.php?rest_route=%2Fwp%2Fv2%2Fmedia&parent=9724"}],"curies":[{"name":"wp","href":"https:\/\/api.w.org\/{rel}","templated":true}]}}